e remainder when y(-1) is divided by x(-7)?
8
Calculate the remainder when 198 - -3366 - (-10)/2 is divided by 34.
33
Let g = 1062 - 689. Calculate the remainder when g is divided by (6 + -5)/((33/143)/3).
9
Let k be (-20)/(-24)*(3 + 3). Suppose 0 = -k*f + g + 1, -5*g + 4*g - 1 = 0. Suppose 5*t = -f*t + 110. What is the remainder when t is divided by 6?
4
Suppose 13*g + 3770 - 52 = 0. Let p = -108 - g. Calculate the remainder when p is divided by 20.
18
What is the remainder when 49 is divided by (51/21 - 2) + (-264)/(-21) + 1?
7
Suppose 19*i - 52 = 157. Suppose -9*r = -i*r + 28. Let w = 26 - 18. What is the remainder when r is divided by w?
6
Suppose -23*a + 731 = -6*a. Let x(o) = o + 3. Let g be -2 - (-2 - 8) - 0. What is the remainder when a is divided by x(g)?
10
Let t = -542 - -554. Let x(h) = 106*h + 77. Calculate the remainder when x(t) is divided by 15.
14
Let u = 28584 - 25141. Calculate the remainder when u is divided by 3.
2
Let t(p) = 56*p**2 - 319*p + 636. Calculate the remainder when t(2) is divided by 28.
26
Suppose -4 = t - 3*y, 3*t - y + 2*y - 8 = 0. Suppose t*r + 21 = 3*r. What is the remainder when 77 is divided by r?
14
Suppose 17*d - 2596 = 3235. Calculate the remainder when 1396 is divided by d.
24
Suppose 5*y = 2*y - 3*v + 249, -v = -4*y + 347. What is the remainder when 1275 is divided by y?
71
Let i(k) be the second derivative of k**4/3 + k**3/2 + k**2 - 8*k. Let o(z) = -z**3 - 7*z**2 + 3. Calculate the remainder when i(-1) is divided by o(-7).
0
Suppose 3*x = -2*q + 3, -x - q = -0*x. Let f(t) = -x*t**3 + t**3 + t**3 - 1 - 3*t**2 + 2*t. Calculate the remainder when 26 is divided by f(-4).
5
Let r = -1400 - -6568. What is the remainder when r is divided by 55?
53
Let i = 2742 - 2710. What is the remainder when 784 is divided by i?
16
What is the remainder when (-5)/(-7) + 11/(3542/1007308) is divided by 209?
203
Let u = -136 - -136. Suppose u = 4*j + 7*b - 3*b - 148, 5*b - 33 = -j. Calculate the remainder when 149 is divided by j.
35
Suppose 5*y + 0*j = 5*j + 410, j = 3*y - 248. Suppose 8*s + 69 + y = 0. Let p = s - -34. What is the remainder when p is divided by 8?
7
Let f be (-125624)/120 - (-20)/(-150). Let n = f - -1099. Suppose -9 - 9 = -z. Calculate the remainder when n is divided by z.
16
Let z(d) = -d**3 + 7*d**2 + 6*d + 8. Let n be z(7). Let a = n - 48. Suppose a*h - 2 = 18. What is the remainder when 26 is divided by h?
6
Let n(x) = 40*x**3 - x**2 - 2*x + 2. Let d be n(1). Suppose -387 + d = 2*q. Calculate the remainder when 4 - q/(-2 + 4) is divided by 46.
45
Suppose 29*c + 219*c = -20*c + 6968. Calculate the remainder when 94 is divided by c.
16
Suppose -68*z + 5134 = -680 - 3978. What is the remainder when 263 is divided by z?
119
Let i(p) = -7*p + 4. Let h = 398728 + -398685. What is the remainder when h is divided by i(-3)?
18
Let n(g) = -605*g + 4121. Calculate the remainder when n(-39) is divided by 53.
50
Suppose 0 = -q + 4*n - 12, n - 16 = -4*q + 4. Suppose 0 = -2*g + 6, -3*g - 2*g = -5*k - 65. Let l(y) = -y + 8. What is the remainder when l(k) is divided by q?
2
Let i be -3 - 101*2/(-2). Suppose 3*d - 113 = c, -2*d + c + i = 6*c. Suppose -2088*h + 210 = -2067*h. Calculate the remainder when d is divided by h.
9
Suppose -8*w - 220 = -18*w. Let z = 13 - 8. Calculate the remainder when w is divided by -3 - (-515)/25 - 3/z.
5
Let v(r) = -5*r - 29. Let h(m) = 3 - 2*m - 3 - 11 - 4. Let q(i) = -7*h(i) + 4*v(i). Calculate the remainder when 62 is divided by q(-4).
10
Suppose 3*h - 10 - 2 = 0. Let y = -53 - -57. Suppose h*w - 484 = -4*s, 0*s + 335 = 3*w - y*s. Calculate the remainder when w is divided by 24.
21
Let u(g) = g**3 + 6*g**2 + 1. Suppose -2*m - 3*a - 64 = 0, -3*a = -7*a + 8. Calculate the remainder when u(-3) is divided by ((-270)/m - -2) + (-2)/(-7).
8
Suppose d + 16 = 2. Let m = d - 1. What is the remainder when 111 is divided by (-70)/(-1)*(-3 + (-51)/m)?
27
Suppose -2*g - 1326*u = -1331*u - 422, -4*u = -24. Calculate the remainder when 806 is divided by g.
128
Suppose -2*c = -5*u - 239, -2*c - 2516*u = -2517*u - 243. Suppose -4*d + 268 = 4*v, -2*v = -0*d - 4*d - 110. What is the remainder when c is divided by v?
59
Suppose -131*g = -118*g - 7267. Let v = 578 - g. Calculate the remainder when 50 is divided by v.
12
Let p(u) = -u**2 - 6*u - 10. Let c be p(-6). Let m(h) = h**2 + 55*h + 421. What is the remainder when 4/c + 261/15 is divided by m(-46)?
3
Let b = 1395 + -1382. Let u = 135 + 8. Let y = -81 + u. Calculate the remainder when y is divided by b.
10
Let u(y) = 7*y - 4. Suppose 181*h - 183*h + 108 = 0. Suppose -44 = -5*l + 3*s, -5*l - 6 + h = -s. What is the remainder when u(6) is divided by l?
8
Let q = -198 - -264. Calculate the remainder when q is divided by 25 + 40/(-18) + 12/54.
20
Let w(a) = 71*a**2 - 29*a - 29. What is the remainder when w(4) is divided by 62?
61
What is the remainder when 786 is divided by (-1*(-8 - -54) + -8)*(-6)/12?
3
Let w(n) = -n**3 + n**2 + 8*n + 3. Let t = 1575 - 1558. What is the remainder when w(-4) is divided by t?
0
Suppose -440 = 10*p - 25128 - 2262. Calculate the remainder when p is divided by 37.
31
Suppose -16*x + 11*x + 121 = 3*y, 3*y = 3*x + 105. What is the remainder when y is divided by 8?
5
Let g(l) = 3*l**3 - l**2 - 5*l - 1. Let q be 24/(-20)*(-225)/10. What is the remainder when g(3) is divided by (-90)/(-4) + -1 + q/(-18)?
16
Suppose 5*q + 3*y = 13, 1 = -3*q + 4*y + 3. Let p = -125 - q. Let f = -79 - p. Calculate the remainder when f is divided by 10.
8
Suppose -44*c + 46*c = 164. Let x = 81 - 79. Suppose 3*k = -x*k - 4*l + 210, 0 = -4*l. What is the remainder when c is divided by k?
40
Suppose -194 = n - 7*f + 4*f, -3*n - 4*f = 634. Let t be (n/(-4))/(8/16). What is the remainder when t + 1/((-2)/(-8)) is divided by 22?
19
Suppose 0 = 36*v - 910 - 1322. What is the remainder when (-8 + 133/14)*(161 - 1) is divided by v?
54
Let v(w) = w**3 - 18*w**2 + 12*w - 37. Suppose -3*j - 36 = -2*o, 3*o + j = 4*j + 54. What is the remainder when v(o) is divided by 61?
57
Let f(d) be the first derivative of -d**4/4 - 41*d**3/3 - d**2/2 - 6*d + 48. Calculate the remainder when 277 is divided by f(-41).
32
Suppose x = 4*r - 6029, -5*r - 138*x + 137*x = -7525. What is the remainder when r is divided by 56?
50
Let w = 2433 + -1494. Suppose 6*a + 753 = w. Calculate the remainder when 37 is divided by a.
6
What is the remainder when 16 is divided by (33 + -30)/(2 - 1)?
1
Suppose 0 = -n - 7 + 13. Suppose -2 - 406 = -n*c. Calculate the remainder when c is divided by 10.
8
Suppose -65*w + 63*w + 176 = 6*r, -r + 2*w - 1 = 0. Suppose 0*o + 52 = 4*o. Calculate the remainder when r is divided by o.
12
Suppose 2*p + 108 = 6*p. What is the remainder when 64 + -70 - (0 - 66) - 9 is divided by p?
24
Let v be -2 + 120/66 - 3665/(-11). Let s = -239 + v. What is the remainder when s is divided by 24?
22
Suppose 5*c - 2335 = 5*n, -58*n = 8*c - 59*n - 3785. What is the remainder when c is divided by 34?
32
Let n(j) = -j**3 + 9*j**2 - 98*j + 430. What is the remainder when 114 is divided by n(5)?
34
Let r = -45 + -11. Let z = r + 74. Let f = -4 - -8. What is the remainder when z is divided by f?
2
Let z = 628 + -308. Calculate the remainder when z is divided by (6/(-7) + 119358/10773)*9/2.
44
Let y(l) be the third derivative of l**5/10 - l**4/6 + l**3/3 - 3*l**2. Let n = -16816 - -16858. Calculate the remainder when y(4) is divided by n.
40
Let j be 3*1*(-3 + 2). Let l be 6*(-5)/(-10)*(10 - j). What is the remainder when 29 is divided by l/5 - 3/(-15)?
5
Suppose 3*p = 29 + 31. Suppose 560*z - 19 = 559*z. Calculate the remainder when z is divided by (10/p)/(2/28).
5
Let g = -77 - -84. Suppose -g*u + 48 = -3*u. Suppose -2*a - 69 = -3*a. What is the remainder when a is divided by u?
9
Suppose -264 = 2*n + 4*z, 5*n = 3*z - 242 - 405. Let o = 318 + n. Let p = 20132 - 20111. Calculate the remainder when o is divided by p.
20
Suppose 117 - 429 = -6*u. Let a = u + -48. Suppose 3*w = 6*l - a*l - 30, -5*l + 2*w + 75 = 0. Calculate the remainder when 87 is divided by l.
12
Let d = -103 + 106. Suppose -d*q - 2 = k - 71, -4*k = 4*q - 100. What is the remainder when 263 is divided by q?
21
What is the remainder when 898 is divided by 5528/18 - (176/(-36) + 4)?
282
Let q = 302 + -291. Wh